e i(h).
-2
Let r be ((-4)/2)/(1/(-2)). Let g(s) = 2*s**2 - 12*s + 13. Let o(y) = y**2 - 6*y + 6. Let b(a) = -2*g(a) + 5*o(a). Give b(r).
-4
Let y(x) be the first derivative of x**3/6 + x**2 - 3*x + 4. Let s(m) be the first derivative of y(m). Determine s(-3).
-1
Let g(b) = -b + 17. Let m be (18 - 1) + -4 + 2. Let d be g(m). Let k(n) = -n**2 + n + 2. Give k(d).
0
Let c(f) = -28*f**3 - 6*f**2 - f - 3. Let b(z) = -19*z**3 - 4*z**2 - z - 2. Let v(w) = 7*b(w) - 5*c(w). Give v(1).
8
Let g(m) = 5*m - 2. Let a(h) = -4*h + 2. Let v(j) = -4*a(j) - 5*g(j). What is v(1)?
-7
Let s(w) = -3*w + 1. Let x be s(-8). Suppose 11 = -i + 5*q - 0*q, -q + x = -4*i. Let h(p) = -p**3 - 5*p**2 + 6*p + 6. What is h(i)?
6
Let t(s) = s**2 + 3*s - 6. Let k be t(-5). Let p(i) = 0*i + i**2 - k*i + 4*i. Determine p(2).
4
Let u(q) = -q**2 - q + 1. Suppose 3*m - 4*l = 14, -4*m + 2*l + 17 = 5. Give u(m).
-5
Let l(b) = 1 - 11*b + 7*b**2 + 7*b + 2*b. Give l(1).
6
Let w(d) = 17*d**3 + 15*d**2 - 11*d - 2. Let x(j) = 9*j**3 + 8*j**2 - 6*j - 1. Let p(s) = 6*w(s) - 11*x(s). Let r(z) = -z + 7. Let c be r(8). Determine p(c).
-2
Let j(n) = 7 - n + 12 - 25. What is j(-5)?
-1
Let o(v) = -1 - 7 - v**2 + 13 - 4*v - 7. Give o(-4).
-2
Suppose 5*r - g = -32, g + 1 - 3 = 0. Let x(b) = -b**2 - 7*b + 1. Calculate x(r).
7
Let y(h) = -h + 7*h**2 + 3*h + 3 - 3*h**2 - 8. Let j(i) = -9*i**2 - 5*i + 11. Let t(c) = 3*j(c) + 7*y(c). What is t(3)?
4
Let s(r) = 0 + 2*r + 1 + 2. Give s(-2).
-1
Let v(f) = 5*f - 2. Let d(o) = o**2 + 6*o - 25. Let y be d(3). Calculate v(y).
8
Let m(n) = -4*n**2 + 1. Suppose -5*z = -0*z. Suppose -7 = -3*k + 2*o, -4*k + z = 4*o + 4. Suppose x - k = -0*x. Give m(x).
-3
Let u(v) = -v**2 + 7*v - 7. Let i(q) = q**2 + 5*q + 4. Suppose 0 = 3*z + 3 + 9. Let r be i(z). Suppose k - 5 = -4*c, -2*c = -r*k - k + 5. Give u(k).
3
Suppose -60 = 4*j - 2*j. Let q be ((-10)/(-15))/((-4)/j). Let h(b) be the third derivative of b**4/24 - b**3/2 - 2*b**2. What is h(q)?
2
Let i(s) = s**3 - 11*s**2 + 15*s + 22. Let j be i(9). Let l(k) = k**3 + 5*k**2 - 3*k - 5. Calculate l(j).
10
Let v be 7 + -4 + 4*1. Let m(l) = -l**3 + 6*l**2 + 7*l - 5. What is m(v)?
-5
Let s = -7 - -10. Let p be (3 - (3 + -1)) + s. Let n(u) = -u**3 + 3*u**2 + 6*u - 3. Give n(p).
5
Let o(a) be the second derivative of -a**4/12 + a**3/2 + 2*a**2 - 10*a. Calculate o(6).
-14
Let a(x) be the third derivative of x**6/120 + 2*x**5/15 - 7*x**4/24 + 2*x**3 + 33*x**2. Determine a(-9).
-6
Let m(j) = j**3 - 7*j**2 + 7*j. Suppose -5*a = -54 + 24. What is m(a)?
6
Let p = -14 - -30. Suppose -5*s + 2 = 2*o, 3*o + p = -3*s + 5*s. Let v(l) = l**3 - l. Calculate v(s).
6
Let v(a) = a**3 - 6*a**2 + 5*a - 7. Suppose 0 = 4*j + 1 - 9. Let m be 1/j*(-2 - -2). Suppose 0 = 4*p - m*p - 20. Determine v(p).
-7
Let l(q) = q**2 - 8*q + 6. Suppose 0 = 5*n + 5*c - 60, -n + 4*c - 27 = -2*n. Give l(n).
-1
Let r be (-6)/(-2)*14/(-6). Let q(j) = j + 9. Let l be q(r). Let d(t) = -4*t**3 + 9*t**3 + 1 - t - t**l + 4*t**3. Calculate d(1).
8
Let o(t) = -6*t**2 + 1. Let b be -4 + (-20)/(2 + -6). What is o(b)?
-5
Suppose 0 = -4*n - w + 21, -5*n - 3*w = -5 - 23. Let p(f) = -5*f + 3. Let l(s) = -s + 1. Let v(g) = 3*l(g) - p(g). Calculate v(n).
10
Suppose 0 = 2*n - 23 - 21. Suppose 2*l - 5*o + 1 = 0, 6*l = 5*l - 5*o + n. Let v(u) = -u - 1 + 4 - l. What is v(0)?
-4
Suppose -6*t + 5*t = -15. Suppose -2*f = -3*f + t. Suppose -5*j + f = -0*j. Let d(k) = -3*k. Give d(j).
-9
Let k(g) = g**2 + 2. Let c(x) = -3*x**2 + x - 7. Let v be (-14)/(-6)*-1*3. Let b(y) = v*k(y) - 2*c(y). Let j(q) = -q + 1. Let z be j(3). Give b(z).
0
Let w(j) be the second derivative of j**6/120 - j**5/10 + 5*j**4/24 + j**3/2 - j**2 - 5*j. Let k(g) be the first derivative of w(g). Give k(5).
3
Suppose 7 = 5*f + 2, 4*f = 5*q + 34. Let s(a) = -a**2 - 5*a + 8. What is s(q)?
2
Let f(k) = 2*k**3 - k**2 - k - 2. Let z be 3/12 - 28/(-16). Suppose z*u = -2*u + 8. Give f(u).
8
Suppose 0 = z - 2*z - 1. Let g(u) = -u. Suppose -15 = -2*b - b, 2*i - 13 = -3*b. Let l(n) = -2*n + 2. Let f(p) = i*l(p) + z*g(p). Give f(2).
4
Suppose -2*a + 4 = -4. Let l(c) = c**3 - 4*c**2 - 4*c + 6. What is l(a)?
-10
Let b = -21 - -24. Let d(c) = c - 1 - 2 + 4. Let n(w) = 8*w + 7. Let j(q) = -6*d(q) + n(q). Give j(b).
7
Suppose 0*i = 2*i - 12. Let x(w) = -2*w - 2 + 4*w + 2*w - i*w. Suppose 0 = -k - 1, -3*p = 2*k + 3*k + 17. Determine x(p).
6
Let s(h) = -h - 1. Let f(d) = -d**2 + 2*d + 4. Let v be f(4). Let l = -1 + v. What is s(l)?
4
Let v(m) = m**3 + 7*m**2 - 4. Let r(j) = -2*j**2 + 1. Let c be r(-2). Let t be v(c). Let d(x) = -x**3 - 5*x**2 - 3*x. What is d(t)?
-4
Let r(z) = 20*z**2 - 10*z + 4 - 21*z**2 + 8*z. Determine r(3).
-11
Let b be 30/5 - 2*1. Suppose -w + b = w. Suppose t = -3*t - 2*v + 24, -w*v = -2*t. Let x(s) = -s**2 + 5*s + 1. What is x(t)?
5
Let h(o) = -2*o + 1 + 6*o + o**2 - 2*o**2 - 2*o. Determine h(3).
-2
Let g(i) = 2*i + 30*i**3 - 29*i**3 - 5*i**2 - 1 + i**2. Let t = 11 - 9. Give g(t).
-5
Suppose s + 2 = 27. Let v(f) = 21 - f + 5*f**2 + 5*f - s + f**3. Suppose 0*o - 12 = 3*o. What is v(o)?
-4
Suppose 4*h = 4*t + 20, h = -3*h - 4*t - 4. Let f(i) = -2*i**2 + 2*i - 3. Determine f(h).
-7
Let r be 1/(1*(-1)/5). Let p(u) = -88*u + 92*u - 4*u**2 - u**3 - 5 + 4. Calculate p(r).
4
Suppose 0 = 5*y + 4*a - 27, -4*y = 4*a - 6 - 18. Let d(o) = o + 1. Let q(x) = x + 8. Let l(v) = 5*d(v) - q(v). Calculate l(y).
9
Suppose -2*s = 2*s. Let c(q) be the second derivative of q**3/6 - 4*q**2 + 2*q. Calculate c(s).
-8
Let i = -42 - -41. Let y(h) = -7*h**3 + 1. What is y(i)?
8
Suppose 0 = 3*a - 24 + 66. Let g be ((-140)/42)/((-1)/(-3)). Let o = a - g. Let t(y) = y**3 + 5*y**2 + 4*y + 3. Determine t(o).
3
Let t be 4/(4*3/6). Suppose -t*s + 4*s - 2 = 0. Let i be ((-10)/4)/(s/2). Let b(k) = -k - 2. What is b(i)?
3
Let b(x) = x**3 - 4*x**2 + 2. Let v = 11 + -7. What is b(v)?
2
Let q(u) be the first derivative of 1/2*u**2 - 1 - u. Suppose -2*h + 6*h = -20. What is q(h)?
-6
Let z(b) = 2*b**2 + 6*b - 1. Let g be z(-4). Let t(y) = y. Determine t(g).
7
Let u(n) = 5*n - 3 - n + n**2 - n - 1. What is u(-3)?
-4
Suppose -2*i = 3*t + 3*i - 10, 2*t - 4*i + 8 = 0. Let l = t - 1. Let m(u) = -28 - 30 + 85 - 27 + 4*u. Calculate m(l).
-4
Let h(m) = 2*m + 4. Let v = 69 + -76. Give h(v).
-10
Let x(l) = -1. Let h(d) = -4*d + 1. Let n(f) = -4*f. Let t(o) = -4*h(o) + 3*n(o). Let a(u) = -t(u) + 3*x(u). Calculate a(-3).
13
Suppose 4*b - 7 = 5. Let z(w) = -3*w**2 + w - b - 4*w**2 + 6*w**2 + 4. Give z(3).
-5
Let f(c) = c**3 - 5*c**2 - 3. Let v be (2 + -2)*1/(-2). Suppose -2*n + 14 - 4 = v. Suppose 2*z = -p + 6, -4*p + p = -n*z + 37. Determine f(z).
-3
Let o(m) = -m**3 - 3*m**2 + 3*m. Let z = 43 + -47. Give o(z).
4
Let w(b) = -4*b**2 + 16*b + 1. Let r(i) = 3*i**2 - 11*i - 1. Let o(d) = -7*r(d) - 5*w(d). Determine o(-4).
-2
Let t(x) = 2*x**2 - x - 2. Let k be t(2). Let z(g) = 6*g - 4*g + 3*g - k. Give z(3).
11
Let b(z) be the first derivative of -z**4/4 + 2*z**3/3 + z**2 + 2*z - 7. Calculate b(3).
-1
Let y(w) = -w**3 - 3. Let i(s) = s**3 + s**2 + s + 3. Let x(l) = -3*i(l) - 4*y(l). Let o be (0/2 + 1)*4. Determine x(o).
7
Let v(z) = -z**2 + 2*z - 2. Let n be (-33)/9 - 2/(-3). Let f(m) = m. Let s(u) = n*f(u) + v(u). Let t = -4 + 1. Determine s(t).
-8
Let d(k) = -k**3 - 7*k**2 - 5*k + 6. Let j = -16 + 7. Let u be (1 - (-2 + 0)) + j. Give d(u).
0
Suppose 3*h = z - 4, -z + 4 = h - 0. Suppose 5*s - z + 14 = 0. Let u(d) = -3*d - 2. What is u(s)?
4
Let j(k) = -k - 2. Let r be j(-7). Let p(n) = -2*n**2 - 3*n - 4. Let h(i) = 5*i**2 + 9*i + 13. Let x(s) = -3*h(s) - 8*p(s). What is x(r)?
3
Let a(v) = -9*v**2 - 18*v - 18. Let b(n) = -5*n**2 - 9*n - 9. Suppose -5*c = -3*w - 1, -5*w + 3*c - 26 = -3. Let f(l) = w*b(l) + 4*a(l). Give f(-7).
5
Let j(g) = -g**2 + 2*g - 1. Let i = -12 - -8. Let l = -2 - i. What is j(l)?
-1
Let i(g) = 4*g + 1. Let l be i(3). Let y = l + -9. Let h = -4 + y. Let t(n) = -n + 7. Calculate t(h).
7
Let z be (-1 - (-1 + 2)) + 0. Let a(t) be the second derivative of -t**5/10 - t**4/4 + t**2 + 25*t. Determine a(z).
6
Suppose 0 = 6*c - c - 30. Let w(v) = v**3 - 5*v**2 - 5*v + 7. Determine w(c).
13
Let o be ((-1)/(-2))/((-3)/6). Let v be 4*o - (4 - 2). Let i be 8/v*1*3. Let b(z) = -2*z - 5. Calculate b(i).
3
Let l(v) be the second derivative of v**5/20 - v**4/3 - v**3/6 - 3*v**